{"id":3,"date":"2025-07-14T11:51:08","date_gmt":"2025-07-14T09:51:08","guid":{"rendered":"https:\/\/forestclinic-zgierz.pl\/?page_id=3"},"modified":"2025-08-04T22:02:39","modified_gmt":"2025-08-04T20:02:39","slug":"polityka-prywatnosci","status":"publish","type":"page","link":"https:\/\/forestclinic-zgierz.pl\/index.php\/polityka-prywatnosci\/","title":{"rendered":"Polityka prywatno\u015bci"},"content":{"rendered":"\n<h2 class=\"wp-block-heading has-medium-font-size\">1. Postanowienia og\u00f3lne<\/h2>\n\n\n\n<ol class=\"wp-block-list has-medium-font-size\">\n<li>Polityka prywatno\u015bci okre\u015bla, jak zbierane, przetwarzane i przechowywane s\u0105 dane osobowe U\u017cytkownik\u00f3w niezb\u0119dne do \u015bwiadczenia us\u0142ug drog\u0105 elektroniczn\u0105 za po\u015brednictwem serwisu internetowego\u00a0www.forestclinic.pl\u00a0(dalej: Serwis).<\/li>\n\n\n\n<li>Serwis zbiera wy\u0142\u0105cznie dane osobowe niezb\u0119dne do \u015bwiadczenia i rozwoju us\u0142ug w nim oferowanych.<\/li>\n\n\n\n<li>Dane osobowe zbierane za po\u015brednictwem Serwisu s\u0105 przetwarzane zgodnie z\u00a0Rozporz\u0105dzeniem Parlamentu Europejskiego i\u00a0Rady (UE) 2016\/679 z\u00a0dnia 27 kwietnia 2016 r. w\u00a0sprawie ochrony os\u00f3b fizycznych w\u00a0zwi\u0105zku z\u00a0przetwarzaniem danych osobowych i\u00a0w sprawie swobodnego przep\u0142ywu takich danych oraz uchylenia dyrektywy 95\/46\/WE (og\u00f3lne rozporz\u0105dzenie o\u00a0ochronie danych, dalej RODO) oraz ustaw\u0105 o ochronie danych osobowych z dnia 10 maja 2018 r.<\/li>\n<\/ol>\n\n\n\n<h2 class=\"wp-block-heading has-medium-font-size\">2. Administrator danych<\/h2>\n\n\n\n<p class=\"has-medium-font-size\">Administratorem danych osobowych zbieranych poprzez Serwis&nbsp;<strong>www.forestclinic.pl<\/strong>&nbsp;jest&nbsp;<strong>FOREST CLINIC SP\u00d3\u0141KA Z OGRANICZON\u0104 ODPOWIEDZIALNO\u015aCI\u0104<\/strong>, Zagajnikowa 3, 95-100 Zgierz, kontakt@forestclinic.pl \u200b, NIP: 7322221845&nbsp;(dalej: Administrator).<\/p>\n\n\n\n<h2 class=\"wp-block-heading has-medium-font-size\">3. Cel zbierania danych<\/h2>\n\n\n\n<ol class=\"wp-block-list\">\n<li class=\"has-medium-font-size\">Dane osobowe wykorzystywane s\u0105 w celu:\n<ul class=\"wp-block-list\">\n<li>prowadzenia systemu komentarzy,<\/li>\n\n\n\n<li>\u015bwiadczenia us\u0142ug spo\u0142eczno\u015bciowych,<\/li>\n\n\n\n<li>promocji oferty Administratora,<\/li>\n\n\n\n<li>marketingu, remarketingu, afiliacji,<\/li>\n\n\n\n<li>personalizacji Serwisu dla U\u017cytkownik\u00f3w,<\/li>\n\n\n\n<li>dzia\u0142a\u0144 analitycznych i statystycznych,<\/li>\n\n\n\n<li>windykacji nale\u017cno\u015bci,<\/li>\n\n\n\n<li>ustalenia i dochodzenia roszcze\u0144\u00a0albo obrony przed nimi.<\/li>\n<\/ul>\n<\/li>\n\n\n\n<li class=\"has-medium-font-size\">Podanie danych jest dobrowolne, ale niezb\u0119dne do zawarcia umowy albo skorzystania z innych funkcjonalno\u015bci Serwisu.<\/li>\n<\/ol>\n\n\n\n<h2 class=\"wp-block-heading has-medium-font-size\">4. Rodzaj zbieranych danych<\/h2>\n\n\n\n<p class=\"has-medium-font-size\">Administrator mo\u017ce przetwarza\u0107&nbsp;dane osobowe U\u017cytkownika: imi\u0119 i nazwisko, data urodzenia, adres zamieszkania, adres e-mail, numer telefonu, NIP.<\/p>\n\n\n\n<h2 class=\"wp-block-heading has-medium-font-size\">5. Okres przetwarzania danych osobowych<\/h2>\n\n\n\n<p class=\"has-medium-font-size\">Dane osobowe U\u017cytkownik\u00f3w b\u0119d\u0105 przetwarzane przez okres:<\/p>\n\n\n\n<ul class=\"wp-block-list has-medium-font-size\">\n<li>gdy podstaw\u0105 przetwarzania danych jest wykonanie umowy \u2013 do momentu przedawnienia roszcze\u0144 po jej wykonaniu,<\/li>\n\n\n\n<li>gdy podstaw\u0105 przetwarzania danych jest zgoda \u2013 do momentu jej odwo\u0142ania, a\u00a0po odwo\u0142aniu zgody do przedawnienia roszcze\u0144.<\/li>\n<\/ul>\n\n\n\n<p class=\"has-medium-font-size\">W obu przypadkach termin przedawnienia wynosi 6 lat, a&nbsp;dla roszcze\u0144 o&nbsp;\u015bwiadczenia okresowe i roszcze\u0144 dotycz\u0105cych&nbsp;prowadzenia dzia\u0142alno\u015bci gospodarczej \u2013 3 lata (je\u015bli przepis szczeg\u00f3lny nie stanowi inaczej).<\/p>\n\n\n\n<h2 class=\"wp-block-heading has-medium-font-size\">6. Udost\u0119pnianie danych osobowych<\/h2>\n\n\n\n<ol class=\"wp-block-list has-medium-font-size\">\n<li>Dane osobowe U\u017cytkownik\u00f3w mog\u0105 by\u0107 przekazywane: podmiotom powi\u0105zanym z Administratorem, jego podwykonawcom, podmiotom wsp\u00f3\u0142pracuj\u0105cym z Administratorem np. firmom obs\u0142uguj\u0105cym e-p\u0142atno\u015bci, firmom \u015bwiadcz\u0105cym us\u0142ugi kurierskie\/pocztowe, kancelariom prawnym.<\/li>\n\n\n\n<li>Dane osobowe U\u017cytkownik\u00f3w nie b\u0119d\u0105 przekazywane poza teren Europejskiego Obszaru Gospodarczego (EOG).<\/li>\n<\/ol>\n\n\n\n<h2 class=\"wp-block-heading has-medium-font-size\">7. Prawa u\u017cytkownik\u00f3w<\/h2>\n\n\n\n<ol class=\"wp-block-list has-medium-font-size\">\n<li>U\u017cytkownik Serwisu ma prawo do: dost\u0119pu do tre\u015bci swoich danych osobowych, ich sprostowania, usuni\u0119cia, ograniczenia przetwarzania, przenoszenia, wniesienia sprzeciwu wobec przetwarzania, cofni\u0119cia zgody w ka\u017cdej chwili (co nie ma wp\u0142ywu na zgodno\u015b\u0107 z prawem przetwarzania dokonanego w oparciu o zgod\u0119 przed jej cofni\u0119ciem).<\/li>\n\n\n\n<li>Zg\u0142oszenie o wyst\u0105pieniu przez U\u017cytkownika z uprawnieniem wynikaj\u0105cym z wymienionych praw nale\u017cy przes\u0142a\u0107 na adres kontakt@forestclinic.pl.<\/li>\n\n\n\n<li>Administrator spe\u0142nia lub odmawia spe\u0142nienia \u017c\u0105dania niezw\u0142ocznie \u2013 maksymalnie w ci\u0105gu miesi\u0105ca od jego otrzymania.<\/li>\n\n\n\n<li>U\u017cytkownik ma prawo z\u0142o\u017cy\u0107 skarg\u0119 do Prezesa Urz\u0119du Ochrony Danych Osobowych, je\u015bli uzna, \u017ce przetwarzanie narusza jego prawa i wolno\u015bci (RODO).<\/li>\n<\/ol>\n\n\n\n<h2 class=\"wp-block-heading has-medium-font-size\">8. Pliki cookies<\/h2>\n\n\n\n<ol class=\"wp-block-list has-medium-font-size\">\n<li>Serwis zbiera informacje za pomoc\u0105 plik\u00f3w cookies \u2013 sesyjnych, sta\u0142ych i podmiot\u00f3w zewn\u0119trznych.<\/li>\n\n\n\n<li>Zbieranie plik\u00f3w cookies wspiera poprawne \u015bwiadczenie us\u0142ug w Serwisie i s\u0142u\u017cy celom statystycznym.<\/li>\n\n\n\n<li>U\u017cytkownik mo\u017ce okre\u015bli\u0107 zakres dost\u0119pu plik\u00f3w cookies do swojego urz\u0105dzenia w ustawieniach przegl\u0105darki.<\/li>\n<\/ol>\n\n\n\n<h2 class=\"wp-block-heading has-medium-font-size\">9. Zautomatyzowane podejmowanie decyzji i profilowanie<\/h2>\n\n\n\n<ol class=\"wp-block-list has-medium-font-size\">\n<li>Dane U\u017cytkownik\u00f3w nie mog\u0105 by\u0107\u00a0przetwarzane w zautomatyzowany spos\u00f3b tak, \u017ce na skutek tego mog\u0142yby zapa\u015b\u0107 wobec nich jakiekolwiek decyzje.<\/li>\n\n\n\n<li>Dane U\u017cytkownik\u00f3w mog\u0105 by\u0107 profilowane celem dostosowania tre\u015bci i personalizacji oferty po wyra\u017ceniu przez nich zgody.<\/li>\n<\/ol>\n\n\n\n<h2 class=\"wp-block-heading has-medium-font-size\">10. Postanowienia ko\u0144cowe<\/h2>\n\n\n\n<p class=\"has-medium-font-size\">W sprawach nieuregulowanych w niniejszej Polityce prywatno\u015bci obowi\u0105zuj\u0105 przepisy RODO i przepisy prawa polskiego.<\/p>\n\n\n\n<p class=\"has-medium-font-size\">Administrator ma prawo do wprowadzenia zmian w Polityce prywatno\u015bci, przy czym prawa U\u017cytkownik\u00f3w nie zostan\u0105 ograniczone.<\/p>\n\n\n\n<p class=\"has-medium-font-size\">Informacja o wprowadzonych zmianach pojawi si\u0119 w formie komunikatu dost\u0119pnego w Serwisie.<\/p>\n","protected":false},"excerpt":{"rendered":"<p>1. Postanowienia og\u00f3lne 2. Administrator danych Administratorem danych osobowych zbieranych poprzez Serwis&nbsp;www.forestclinic.pl&nbsp;jest&nbsp;FOREST CLINIC SP\u00d3\u0141KA Z OGRANICZON\u0104 ODPOWIEDZIALNO\u015aCI\u0104, Zagajnikowa 3, 95-100 Zgierz, kontakt@forestclinic.pl \u200b, NIP: 7322221845&nbsp;(dalej: Administrator). 3. Cel zbierania danych 4. Rodzaj zbieranych danych Administrator mo\u017ce przetwarza\u0107&nbsp;dane osobowe U\u017cytkownika: imi\u0119 i nazwisko, data urodzenia, adres zamieszkania, adres e-mail, numer telefonu, NIP. 5. Okres przetwarzania danych [&hellip;]<\/p>\n","protected":false},"author":1,"featured_media":0,"parent":0,"menu_order":0,"comment_status":"closed","ping_status":"closed","template":"","meta":{"saved_in_kubio":true,"footnotes":""},"class_list":["post-3","page","type-page","status-publish","hentry"],"kubio_ai_page_context":{"short_desc":"","purpose":"general"},"_links":{"self":[{"href":"https:\/\/forestclinic-zgierz.pl\/index.php\/wp-json\/wp\/v2\/pages\/3","targetHints":{"allow":["GET"]}}],"collection":[{"href":"https:\/\/forestclinic-zgierz.pl\/index.php\/wp-json\/wp\/v2\/pages"}],"about":[{"href":"https:\/\/forestclinic-zgierz.pl\/index.php\/wp-json\/wp\/v2\/types\/page"}],"author":[{"embeddable":true,"href":"https:\/\/forestclinic-zgierz.pl\/index.php\/wp-json\/wp\/v2\/users\/1"}],"replies":[{"embeddable":true,"href":"https:\/\/forestclinic-zgierz.pl\/index.php\/wp-json\/wp\/v2\/comments?post=3"}],"version-history":[{"count":2,"href":"https:\/\/forestclinic-zgierz.pl\/index.php\/wp-json\/wp\/v2\/pages\/3\/revisions"}],"predecessor-version":[{"id":109,"href":"https:\/\/forestclinic-zgierz.pl\/index.php\/wp-json\/wp\/v2\/pages\/3\/revisions\/109"}],"wp:attachment":[{"href":"https:\/\/forestclinic-zgierz.pl\/index.php\/wp-json\/wp\/v2\/media?parent=3"}],"curies":[{"name":"wp","href":"https:\/\/api.w.org\/{rel}","templated":true}]}}

Polityka prywatności

<h2 class="wp-block-heading has-medium-font-size">1. Postanowienia ogólne</h2>



<ol class="wp-block-list has-medium-font-size">
<li>Polityka prywatności określa, jak zbierane, przetwarzane i przechowywane są dane osobowe Użytkowników niezbędne do świadczenia usług drogą elektroniczną za pośrednictwem serwisu internetowego www.forestclinic.pl (dalej: Serwis).</li>



<li>Serwis zbiera wyłącznie dane osobowe niezbędne do świadczenia i rozwoju usług w nim oferowanych.</li>



<li>Dane osobowe zbierane za pośrednictwem Serwisu są przetwarzane zgodnie z Rozporządzeniem Parlamentu Europejskiego i Rady (UE) 2016/679 z dnia 27 kwietnia 2016 r. w sprawie ochrony osób fizycznych w związku z przetwarzaniem danych osobowych i w sprawie swobodnego przepływu takich danych oraz uchylenia dyrektywy 95/46/WE (ogólne rozporządzenie o ochronie danych, dalej RODO) oraz ustawą o ochronie danych osobowych z dnia 10 maja 2018 r.</li>
</ol>



<h2 class="wp-block-heading has-medium-font-size">2. Administrator danych</h2>



<p class="has-medium-font-size">Administratorem danych osobowych zbieranych poprzez Serwis&nbsp;<strong>www.forestclinic.pl</strong>&nbsp;jest&nbsp;<strong>FOREST CLINIC SPÓŁKA Z OGRANICZONĄ ODPOWIEDZIALNOŚCIĄ</strong>, Zagajnikowa 3, 95-100 Zgierz, kontakt@forestclinic.pl ​, NIP: 7322221845&nbsp;(dalej: Administrator).</p>



<h2 class="wp-block-heading has-medium-font-size">3. Cel zbierania danych</h2>



<ol class="wp-block-list">
<li class="has-medium-font-size">Dane osobowe wykorzystywane są w celu:
<ul class="wp-block-list">
<li>prowadzenia systemu komentarzy,</li>



<li>świadczenia usług społecznościowych,</li>



<li>promocji oferty Administratora,</li>



<li>marketingu, remarketingu, afiliacji,</li>



<li>personalizacji Serwisu dla Użytkowników,</li>



<li>działań analitycznych i statystycznych,</li>



<li>windykacji należności,</li>



<li>ustalenia i dochodzenia roszczeń albo obrony przed nimi.</li>
</ul>
</li>



<li class="has-medium-font-size">Podanie danych jest dobrowolne, ale niezbędne do zawarcia umowy albo skorzystania z innych funkcjonalności Serwisu.</li>
</ol>



<h2 class="wp-block-heading has-medium-font-size">4. Rodzaj zbieranych danych</h2>



<p class="has-medium-font-size">Administrator może przetwarzać&nbsp;dane osobowe Użytkownika: imię i nazwisko, data urodzenia, adres zamieszkania, adres e-mail, numer telefonu, NIP.</p>



<h2 class="wp-block-heading has-medium-font-size">5. Okres przetwarzania danych osobowych</h2>



<p class="has-medium-font-size">Dane osobowe Użytkowników będą przetwarzane przez okres:</p>



<ul class="wp-block-list has-medium-font-size">
<li>gdy podstawą przetwarzania danych jest wykonanie umowy – do momentu przedawnienia roszczeń po jej wykonaniu,</li>



<li>gdy podstawą przetwarzania danych jest zgoda – do momentu jej odwołania, a po odwołaniu zgody do przedawnienia roszczeń.</li>
</ul>



<p class="has-medium-font-size">W obu przypadkach termin przedawnienia wynosi 6 lat, a&nbsp;dla roszczeń o&nbsp;świadczenia okresowe i roszczeń dotyczących&nbsp;prowadzenia działalności gospodarczej – 3 lata (jeśli przepis szczególny nie stanowi inaczej).</p>



<h2 class="wp-block-heading has-medium-font-size">6. Udostępnianie danych osobowych</h2>



<ol class="wp-block-list has-medium-font-size">
<li>Dane osobowe Użytkowników mogą być przekazywane: podmiotom powiązanym z Administratorem, jego podwykonawcom, podmiotom współpracującym z Administratorem np. firmom obsługującym e-płatności, firmom świadczącym usługi kurierskie/pocztowe, kancelariom prawnym.</li>



<li>Dane osobowe Użytkowników nie będą przekazywane poza teren Europejskiego Obszaru Gospodarczego (EOG).</li>
</ol>



<h2 class="wp-block-heading has-medium-font-size">7. Prawa użytkowników</h2>



<ol class="wp-block-list has-medium-font-size">
<li>Użytkownik Serwisu ma prawo do: dostępu do treści swoich danych osobowych, ich sprostowania, usunięcia, ograniczenia przetwarzania, przenoszenia, wniesienia sprzeciwu wobec przetwarzania, cofnięcia zgody w każdej chwili (co nie ma wpływu na zgodność z prawem przetwarzania dokonanego w oparciu o zgodę przed jej cofnięciem).</li>



<li>Zgłoszenie o wystąpieniu przez Użytkownika z uprawnieniem wynikającym z wymienionych praw należy przesłać na adres kontakt@forestclinic.pl.</li>



<li>Administrator spełnia lub odmawia spełnienia żądania niezwłocznie – maksymalnie w ciągu miesiąca od jego otrzymania.</li>



<li>Użytkownik ma prawo złożyć skargę do Prezesa Urzędu Ochrony Danych Osobowych, jeśli uzna, że przetwarzanie narusza jego prawa i wolności (RODO).</li>
</ol>



<h2 class="wp-block-heading has-medium-font-size">8. Pliki cookies</h2>



<ol class="wp-block-list has-medium-font-size">
<li>Serwis zbiera informacje za pomocą plików cookies – sesyjnych, stałych i podmiotów zewnętrznych.</li>



<li>Zbieranie plików cookies wspiera poprawne świadczenie usług w Serwisie i służy celom statystycznym.</li>



<li>Użytkownik może określić zakres dostępu plików cookies do swojego urządzenia w ustawieniach przeglądarki.</li>
</ol>



<h2 class="wp-block-heading has-medium-font-size">9. Zautomatyzowane podejmowanie decyzji i profilowanie</h2>



<ol class="wp-block-list has-medium-font-size">
<li>Dane Użytkowników nie mogą być przetwarzane w zautomatyzowany sposób tak, że na skutek tego mogłyby zapaść wobec nich jakiekolwiek decyzje.</li>



<li>Dane Użytkowników mogą być profilowane celem dostosowania treści i personalizacji oferty po wyrażeniu przez nich zgody.</li>
</ol>



<h2 class="wp-block-heading has-medium-font-size">10. Postanowienia końcowe</h2>



<p class="has-medium-font-size">W sprawach nieuregulowanych w niniejszej Polityce prywatności obowiązują przepisy RODO i przepisy prawa polskiego.</p>



<p class="has-medium-font-size">Administrator ma prawo do wprowadzenia zmian w Polityce prywatności, przy czym prawa Użytkowników nie zostaną ograniczone.</p>



<p class="has-medium-font-size">Informacja o wprowadzonych zmianach pojawi się w formie komunikatu dostępnego w Serwisie.</p>

<p>1. Postanowienia ogólne 2. Administrator danych Administratorem danych osobowych zbieranych poprzez Serwis&nbsp;www.forestclinic.pl&nbsp;jest&nbsp;FOREST CLINIC SPÓŁKA Z OGRANICZONĄ ODPOWIEDZIALNOŚCIĄ, Zagajnikowa 3, 95-100 Zgierz, kontakt@forestclinic.pl ​, NIP: 7322221845&nbsp;(dalej: Administrator). 3. Cel zbierania danych 4. Rodzaj zbieranych danych Administrator może przetwarzać&nbsp;dane osobowe Użytkownika: imię i nazwisko, data urodzenia, adres zamieszkania, adres e-mail, numer telefonu, NIP. 5. Okres przetwarzania danych [&hellip;]</p>
